Suppose 0*i - q*i = -4*p - 51, 24 = 4*i + p. What is the highest common factor of i and 161?
7
Suppose 315*o - 34465 - 1977 = 100268. What is the highest common divisor of 10199 and o?
217
Suppose 68*d - 220 = -245*d + 406. Suppose -5*z + 0*z = -25. Suppose -5 = 5*r + z*b, -3*r + b + 6 = r. Calculate the greatest common factor of d and r.
1
Suppose 5*w - 873 + 13 = 0. Let u = -108 + w. Let d = u + 89. Calculate the highest common factor of 17 and d.
17
Suppose 2*m = -4*c + 52, 5*c + 5*m - 29 = 36. Let b be 0 + -16*-13*1. Calculate the highest common divisor of b and c.
13
Let p(g) = 4*g**2 - 4*g + 9. Let l be p(3). Suppose 396 = -364*f + 370*f. What is the greatest common factor of l and f?
33
Let x = 58 + -31. Let c be ((-396)/675 + 16/(-200))*(-6561)/18. Calculate the greatest common factor of c and x.
27
Let w = -5911 + 8035. Calculate the highest common factor of 90 and w.
18
Let g(p) = 9*p**3 + 10*p**2 - 5*p - 6. Let f be g(5). Calculate the highest common factor of 24 and f.
24
Let l be 3/6*(-107136)/(-24). Calculate the highest common factor of 4 and l.
4
Let g(q) = 19*q. Let c be g(2). Let u(w) = 10*w**2 - 17*w - 19. Let t be u(-1). What is the highest common factor of t and c?
2
Suppose 663 = -29*b + 47*b + 15. Suppose -4*j + 125 + 386 = 5*c, -2*j - 487 = -5*c. Calculate the highest common factor of b and c.
9
Let q be ((-25)/(-3) + -7)*(-2172)/(-8). What is the highest common factor of 7783 and q?
181
Let w = 12 - -6. Let b(k) = -k**3 - 17*k**2 - 18*k - 17. Let t be b(-16). Let g be 3 - -1 - (15 - t) - -32. What is the highest common factor of w and g?
18
Let m = -140 - -340. Let x = -191 + m. Let n = 14 + -11. What is the highest common divisor of n and x?
3
Let y(f) = -3*f - 1. Let q be y(-7). Let k = -128 + 196. Suppose k = 13*o - 322. Calculate the greatest common divisor of q and o.
10
Let s be (-5)/(-90)*6*3 + 0. Suppose -6*c - s = -385. Calculate the highest common divisor of c and 8.
8
Let o(q) = 9*q**2 - 46. Let d be o(-6). Let v = 426 - d. Calculate the highest common divisor of 4 and v.
4
Let h = -3841 - -2400. Let q = h - -643. Let y be q/(-10) + (-5)/(-25). Calculate the greatest common factor of 32 and y.
16
Let z be (4/(-18) + 24234/(-54))*1. Let k = -432 - z. Calculate the highest common divisor of 374 and k.
17
Suppose -9*y + 53 + 46 = 0. Suppose -y*u - 8*u + 323 = 0. What is the greatest common factor of 34 and u?
17
Let m be ((-119)/(-238))/((-2)/(-2928)). Calculate the greatest common factor of 1647 and m.
183
Let j = -19 + 28. Let d be 6/(-9) - ((-408)/j)/2. Let m be (-1314)/(-33) - (-4)/d. What is the greatest common factor of 60 and m?
20
Let i = -21 + 24. Suppose 2*v + i*v = 80. Suppose -2*l = -y + 106, -4*y + 118 = -3*y + 2*l. What is the greatest common factor of y and v?
16
Let n(s) = 18*s**2 + 7*s - 1. Let g(d) = 16*d**2 + 6*d - 2. Let l(j) = 7*g(j) - 6*n(j). Let a be l(4). What is the highest common divisor of 8 and a?
8
Let g be (-1200)/9*(-12)/10. Suppose -4*o = -f - f - 34, -2*f - 34 = -2*o. Let a be (-18 - f)/(2/(-40)). Calculate the highest common factor of a and g.
20
Let k = 3034 - -8691. Calculate the highest common factor of k and 134.
67
Suppose 7*h = -23 + 248 + 125. Calculate the greatest common factor of h and 2950.
50
Suppose -348 + 1043 = 5*p + 5*u, 0 = p - 4*u - 129. Let z = p - 119. Calculate the highest common divisor of 18 and z.
18
Let s(f) = f**3 + 18*f**2 - 29*f - 7. Let n be s(-18). Let q = n + -472. Calculate the highest common factor of q and 946.
43
Let t(s) = -74*s + 488. Let x be t(6). What is the highest common factor of x and 462?
22
Suppose -3458*c = -3425*c - 47025. Suppose -106 = -3*v + 65. Calculate the highest common factor of v and c.
57
Let t be ((-21)/(-15))/7 - 108/(-10). Suppose -t*p + 175 = -1. Calculate the highest common divisor of 176 and p.
16
Suppose -4*l + 184 = w, 0 = 3*l - 5*w - 97 - 41. Let s = l - -11. What is the highest common divisor of s and 171?
57
Suppose -4*c + 1403 + 1105 = -2*q, q = -4*c + 2490. Calculate the highest common divisor of c and 324.
12
Suppose 2*p - 5*a = 3236, 19*p + 2*a = 17*p + 3208. Calculate the highest common factor of p and 72.
24
Let s(h) = -h**2 + 259*h + 20. Let m be s(0). Calculate the greatest common divisor of 3545 and m.
5
Let j(v) = 17*v**3 + 20*v - 106. Let n be j(5). What is the highest common divisor of n and 13?
13
Suppose -3*t = -4*o - 107, 0 = -3*t - 4*o + 6*o + 109. Calculate the highest common factor of 1813 and t.
37
Let t = 182 + -94. Let i = -28 + t. Suppose 5*o - 103 = k, 2*o = 5*k - k + 52. What is the highest common divisor of i and o?
20
Let v be 1*27 - (-1)/6*-24. Calculate the highest common divisor of v and 22172.
23
Suppose -35 + 25 = -5*j. Suppose -g = 2*x - 183, j*g + 8 - 186 = -2*x. Let q = x + -82. What is the highest common divisor of q and 96?
12
Suppose -22*u = 565 - 12891 - 16384. What is the greatest common divisor of u and 290?
145
Let j = 26909 - 26873. Calculate the greatest common factor of 21024 and j.
36
Let v(a) = 61 - 317*a + 300*a + 28 + a**3 - 25 - 6*a**2 - 7*a**2. Let y be v(14). Let k be 27*1*(-11)/(-3). Calculate the greatest common divisor of y and k.
11
Let w be -1 + (-1 - (2 + -84)). Let a be ((66 + -6)/1)/(12/6). What is the greatest common divisor of w and a?
10
Let o(d) = 21*d - 12*d - 8*d**2 - 5*d + 2 + 0 + d**3. Let g be o(8). What is the greatest common divisor of 850 and g?
34
Suppose 0 = 3*f - 3*d, 29*f - 32*f = 3*d + 6. Let k be -1 + f + (-147)/(2 - 5). Calculate the greatest common divisor of 423 and k.
47
Let b be -11 + (19 - 10) - (-24)/(-2). Let l(f) = -21*f + 156. Let r be l(b). Calculate the highest common factor of r and 18.
18
Suppose -43*w + 6322 = 114*w - 2470. What is the highest common divisor of 3724 and w?
28
Suppose 24 = 10*n - 4*n. Suppose h - 4*h - 4*j = -164, -n*h - 5*j = -219. Let u be 18/(-4)*h/(-21). What is the greatest common factor of u and 8?
4
Let l(w) = -34*w - 184. Let t be l(-7). Calculate the greatest common factor of t and 3834.
54
Let q be (-66360)/154 - (-2)/(-22). Let r = -61 - q. Calculate the greatest common factor of 10 and r.
10
Let r(s) = s**2 - 11*s + 14. Let g be r(10). Suppose 280 = g*u + u. Suppose -59 = -3*h - 17. What is the highest common factor of u and h?
14
Let p = 10 + -3. Suppose -4*g - 2*c + 262 = 0, 0 = 2*g + 4*c - 85 - 61. What is the greatest common divisor of p and g?
7
Let x(s) = s**2 + s - 54. Let m(b) = -b**3 + 14*b**2 - 4*b + 46. Let u be m(14). Let q be x(u). Calculate the greatest common divisor of q and 288.
36
Suppose -4*v = -l - 5936, 2954 = 2*v - 23*l + 19*l. What is the greatest common factor of v and 825?
165
Suppose 27744 = 68*t - 17*t. What is the highest common factor of 128 and t?
32
Let g be ((-2)/6)/((-15)/(-270))*-7. Suppose 5*y - g*o - 3089 = -38*o, 3101 = 5*y - o. What is the highest common divisor of 27 and y?
27
Suppose 1856 + 3159 = 17*t. Let i = t + -243. Calculate the highest common divisor of 78 and i.
26
Let m(q) = 414*q**2 - 2*q - 4. Let i be m(-1). What is the highest common factor of i and 11227?
103
Suppose 0 = -65*s + 140*s - 49498 + 12073. Calculate the greatest common factor of s and 2.
1
Let y(h) = h**2 - 20*h + 23. Let a be y(5). Suppose -4*u - 48 = -u. Let v = u - a. Calculate the highest common factor of v and 4.
4
Let s = 5971 - 5967. What is the greatest common divisor of 16 and s?
4
Let i(y) = 89*y**2 - 34*y - 35. Let j be i(-1). Calculate the greatest common divisor of j and 649.
11
Let a = 89 + -90. Let l be (a - 134)/(-1) + (-2 - 0). Suppose -2*n = 5*b - 6*b + 11, 0 = 2*b + 4*n - 54. What is the highest common factor of b and l?
19
Suppose -23122 = -180*p + 53018 + 130320. Calculate the greatest common factor of 703 and p.
37
Let w = 160 + -101. Suppose -3*y + w = c, -c = y + 4 - 69. Let m be (-1103)/(-17) + 8/c + 1. What is the highest common divisor of m and 44?
22
Let w(l) = 12*l + 228. Let p be w(-5). Let b(a) = a**2 - 13*a + 15. Let r be b(12). Suppose m + r*m - 84 = 0. Calculate the highest common divisor of p and m.
21
Suppose 57 = 3*i + p + 48, -2*p + 6 = 0. Calculate the highest common factor of i and 254.
2
Let t be 52*(12/(-8) - -2). Let k be 12/(-54) + 3/((-54)/(-472)). Calculate the highest common factor of t and k.
26
Let m(r) = r**2 - 5*r - 20. Let